 the prime factors of 50205928.
2, 61, 102881
List the prime factors of 51554697.
3, 17184899
What are the prime factors of 39006387?
3, 7, 206383
What are the prime factors of 6213541310?
2, 5, 17, 19, 23, 83639
List the prime factors of 78759767.
78759767
What are the prime factors of 1938232276?
2, 4999, 96931
List the prime factors of 512562271.
13, 739, 53353
What are the prime factors of 5207541357?
3, 37, 46914787
What are the prime factors of 8732637717?
3, 2910879239
What are the prime factors of 710984126?
2, 29, 12258347
What are the prime factors of 56324085?
3, 5, 1381, 2719
What are the prime factors of 133030255?
5, 26606051
List the prime factors of 10870568.
2, 1358821
List the prime factors of 135015925.
5, 11, 490967
List the prime factors of 125944161.
3, 7, 47, 18229
What are the prime factors of 3760371684?
2, 3, 157, 521, 1277
What are the prime factors of 1210708955?
5, 47, 5151953
List the prime factors of 81635505.
3, 5, 7, 37, 21013
What are the prime factors of 654508483?
17, 38500499
List the prime factors of 2528031456.
2, 3, 1481, 5927
List the prime factors of 97354472.
2, 113, 107693
What are the prime factors of 135712572?
2, 3, 11309381
List the prime factors of 37932307.
7, 5418901
List the prime factors of 24504224.
2, 19, 41, 983
What are the prime factors of 100388421?
3, 7, 1593467
List the prime factors of 41877626.
2, 7, 827, 3617
What are the prime factors of 894188962?
2, 1303, 343127
List the prime factors of 443245809.
3, 9391, 15733
What are the prime factors of 123540182?
2, 61770091
What are the prime factors of 3737252170?
2, 5, 373725217
List the prime factors of 59342034.
2, 3, 67, 147617
List the prime factors of 1944109643.
7, 107, 370801
List the prime factors of 1721536995.
3, 5, 277, 414329
List the prime factors of 11384615.
5, 11, 206993
List the prime factors of 143105070.
2, 3, 5, 97, 49177
List the prime factors of 277723689.
3, 23, 4024981
List the prime factors of 321396357.
3, 29, 907, 4073
What are the prime factors of 116989287?
3, 149, 261721
What are the prime factors of 132340204?
2, 97, 341083
List the prime factors of 650603329.
650603329
What are the prime factors of 3698779189?
7, 528397027
What are the prime factors of 26101445?
5, 823, 6343
What are the prime factors of 102601702?
2, 7, 7328693
List the prime factors of 367290503.
563, 652381
What are the prime factors of 1252258173?
3, 139139797
List the prime factors of 97803334.
2, 47, 881, 1181
List the prime factors of 1492881870.
2, 3, 5, 19, 859, 3049
List the prime factors of 1376462780.
2, 5, 7, 11, 523, 1709
What are the prime factors of 85922981?
17, 5054293
What are the prime factors of 49140759?
3, 16380253
List the prime factors of 477166922.
2, 5077, 46993
List the prime factors of 517251678.
2, 3, 31, 2780923
List the prime factors of 569760975.
3, 5, 7, 51679
What are the prime factors of 330959864?
2, 673, 61471
What are the prime factors of 638424116?
2, 11, 14509639
List the prime factors of 134234793.
3, 7, 11, 64567
List the prime factors of 576912510.
2, 3, 5, 17, 37, 43, 79
What are the prime factors of 2568956632?
2, 11, 17, 1717217
What are the prime factors of 380096751?
3, 139, 911503
What are the prime factors of 118675329?
3, 47, 97, 8677
List the prime factors of 1009660484.
2, 7, 353, 14593
What are the prime factors of 1047501895?
5, 11, 29, 656741
List the prime factors of 4924066694.
2, 17, 4091, 35401
List the prime factors of 240611558.
2, 11, 59, 185371
List the prime factors of 313679235.
3, 5, 31, 101, 6679
What are the prime factors of 5808446538?
2, 3, 179, 1021, 5297
List the prime factors of 217336754.
2, 89, 1220993
List the prime factors of 122758276.
2, 29, 661, 1601
What are the prime factors of 1459544588?
2, 17, 773, 27767
List the prime factors of 85150815.
3, 5, 29, 61, 3209
What are the prime factors of 6429139338?
2, 3, 547, 1958909
List the prime factors of 119327103.
3, 7, 270583
List the prime factors of 2053101972.
2, 3, 113, 13399
List the prime factors of 293663170.
2, 5, 263, 111659
What are the prime factors of 838470694?
2, 47, 8919901
List the prime factors of 23617456.
2, 19, 77689
List the prime factors of 389662373.
59, 2399, 2753
What are the prime factors of 2649638604?
2, 3, 3733, 59149
What are the prime factors of 33163706?
2, 16581853
List the prime factors of 388475404.
2, 97118851
List the prime factors of 3567304432.
2, 73, 3054199
What are the prime factors of 79695660?
2, 3, 5, 11, 17, 7103
What are the prime factors of 556959376?
2, 34809961
List the prime factors of 8623011.
3, 2874337
List the prime factors of 64441848.
2, 3, 2685077
List the prime factors of 6248934760.
2, 5, 79, 433, 4567
List the prime factors of 2050676117.
7, 41850533
What are the prime factors of 123301662?
2, 3, 11, 169837
List the prime factors of 760791253.
59, 163, 239, 331
What are the prime factors of 2093417553?
3, 17, 47, 873349
What are the prime factors of 4821361?
271, 17791
List the prime factors of 98440066.
2, 31, 1587743
List the prime factors of 130017077.
130017077
What are the prime factors of 63886537?
11, 13, 446759
What are the prime factors of 126746725?
5, 7, 724267
What are the prime factors of 1562938261?
59, 241, 109919
List the prime factors of 2785970685.
3, 5, 37, 5019767
What are the prime factors of 2568234614?
2, 11, 116737937
List the prime factors of 2137020.
2, 3, 5, 35617
What are the prime factors of 101166861?
3, 647, 52121
What are the prime factors of 384722033?
29, 2207, 6011
List the prime factors of 90768822.
2, 3, 15128137
List the prime factors of 5149863.
3, 572207
What are the prime factors of 130345405?
5, 3307, 7883
What are the prime factors of 318098716?
2, 13, 271, 22573
What are the prime factors of 25647045?
3, 5, 113, 15131
List the prime factors of 92610210.
2, 3, 5, 7, 11, 47, 853
List the prime factors of 2073292151.
7, 23, 37, 348043
List the prime factors of 521025459.
3, 173675153
What are the prime factors of 163240120?
2, 5, 17, 240059
What are the prime factors of 6320098?
2, 337, 9377
What are the prime factors of 1085290355?
5, 19, 11424109
What are the prime factors of 223938124?
2, 55984531
List the prime factors of 85404275.
5, 11, 29, 10709
What are the prime factors of 178942667?
178942667
What are the prime factors of 519192331?
7, 367, 202099
What are the prime factors of 71629263?
3, 7958807
What are the prime factors of 1263149213?
23, 54919531
List the prime factors of 415763373.
3, 17, 61, 107, 1249
List the prime factors of 3249298175.
5, 41, 109, 127, 229
List the prime factors of 450160814.
2, 3607, 62401
What are the prime factors of 42285879?
3, 4698431
What are the prime factors of 387118081?
7, 7900369
What are the prime factors of 1535753429?
7, 17, 109, 118399
What are the prime factors of 124448998?
2, 23, 2705413
What are the prime factors of 1418066328?
2, 3, 7, 47, 179593
List the prime factors of 9352303.
2239, 4177
List the prime factors of 358324341.
3, 119441447
List the prime factors of 560661016.
2, 83, 844369
List the prime factors of 35770327.
41, 373, 2339
What are the prime factors of 278884757?
103, 2707619
What are the prime factors of 46458027?
3, 7, 11, 61, 157
List the prime factors of 1405528261.
17, 82678133
What are the prime factors of 2169511170?
2, 3, 5, 29, 89, 28019
What are the prime factors of 100855471?
100855471
What are the prime factors of 605587063?
53, 11426171
What are the prime factors of 742016711?
742016711
List the prime factors of 21943037.
21943037
List the prime factors of 41447184.
2, 3, 43, 467
What are the prime factors of 164516672?
2, 2570573
List the prime factors of 2021967114.
2, 3, 17, 139, 8389
What are the prime factors of 60399173?
23, 2626051
List the prime factors of 27531756.
2, 3, 7, 109253
What are the prime factors of 5869057702?
2, 31, 43, 449, 4903
What are the prime factors of 1027874606?
2, 11, 46721573
What are the prime factors of 250729765?
5, 11, 13, 173, 2027
What are the prime factors of 13779560?
2, 5, 19, 18131
What are the prime factors of 172967570?
2, 5, 17296757
What are the prime factors of 74858003?
11, 6805273
List the prime factors of 52244753.
11, 23, 206501
What are the prime factors of 752656317